{"id":275,"date":"2024-02-21T12:45:16","date_gmt":"2024-02-21T05:45:16","guid":{"rendered":"https:\/\/247auto.vn\/?post_type=product&#038;p=275"},"modified":"2025-07-11T17:22:13","modified_gmt":"2025-07-11T10:22:13","slug":"dan-phim-cach-nhiet-2","status":"publish","type":"product","link":"https:\/\/247auto.vn\/?product=dan-phim-cach-nhiet-2","title":{"rendered":"D\u00e1n phim c\u00e1ch nhi\u1ec7t .."},"content":{"rendered":"<div><span style=\"vertical-align: inherit;\"><span style=\"vertical-align: inherit;\">**D\u00e1n Phim C\u00e1ch Nhi\u1ec7t Cho Xe \u00d4 T\u00f4: B\u1ea3o V\u1ec7 Xe T\u1ed1t Nh\u1ea5t T\u1ea1i TP HCM**<\/span><\/span><\/div>\n<div><\/div>\n<div><span style=\"vertical-align: inherit;\"><span style=\"vertical-align: inherit;\">B\u1ea1n \u0111ang t\u00ecm ki\u1ebfm d\u1ecbch v\u1ee5 l\u00e0m phim c\u00e1ch nhi\u1ec7t ch\u1ea5t l\u01b0\u1ee3ng t\u1ea1i TP HCM \u0111\u1ec3 b\u1ea3o v\u1ec7 v\u00e0 l\u00e0m \u0111\u1eb9p cho chi\u1ebfc xe c\u1ee7a m\u00ecnh? \u1ede \u0111\u00e2y, ch\u00fang t\u00f4i t\u1ea1i 247auto.vn, m\u1ed9t trong nh\u1eefng gara uy t\u00edn v\u00e0 \u0111\u01b0\u1ee3c kh\u00e1ch h\u00e0ng tin d\u00f9ng h\u00e0ng \u0111\u1ea7u, cam k\u1ebft mang l\u1ea1i cho b\u1ea1n s\u1ef1 h\u00e0i l\u00f2ng tuy\u1ec7t \u0111\u1ed1i.<\/span><\/span><\/div>\n<div><\/div>\n<div><span style=\"vertical-align: inherit;\"><span style=\"vertical-align: inherit;\">### V\u00ec Sao B\u1ea1n N\u00ean D\u00e1n Phim Nhi\u1ec7t Cho Xe \u00d4 T\u00f4?<\/span><\/span><\/div>\n<div><\/div>\n<div><span style=\"vertical-align: inherit;\"><span style=\"vertical-align: inherit;\">D\u00e1n phim c\u00e1ch nhi\u1ec7t kh\u00f4ng ch\u1ec9 l\u00e0m cho chi\u1ebfc xe c\u1ee7a b\u1ea1n tr\u1edf n\u00ean sang tr\u1ecdng h\u01a1n m\u00e0 c\u00f2n mang l\u1ea1i nhi\u1ec1u l\u1ee3i \u00edch kh\u00e1c nhau:<\/span><\/span><\/div>\n<div>\n<p><img loading=\"lazy\" decoding=\"async\" class=\"wp-image-276  aligncenter\" src=\"http:\/\/247auto.vn\/wp-content\/uploads\/2024\/02\/O1CN01fJQK7R1h2LnQFZomk_2214985724219-0-cib.jpg\" alt=\"\" width=\"434\" height=\"310\" srcset=\"https:\/\/247auto.vn\/wp-content\/uploads\/2024\/02\/O1CN01fJQK7R1h2LnQFZomk_2214985724219-0-cib.jpg 1550w, https:\/\/247auto.vn\/wp-content\/uploads\/2024\/02\/O1CN01fJQK7R1h2LnQFZomk_2214985724219-0-cib-300x214.jpg 300w, https:\/\/247auto.vn\/wp-content\/uploads\/2024\/02\/O1CN01fJQK7R1h2LnQFZomk_2214985724219-0-cib-1024x731.jpg 1024w, https:\/\/247auto.vn\/wp-content\/uploads\/2024\/02\/O1CN01fJQK7R1h2LnQFZomk_2214985724219-0-cib-768x549.jpg 768w, https:\/\/247auto.vn\/wp-content\/uploads\/2024\/02\/O1CN01fJQK7R1h2LnQFZomk_2214985724219-0-cib-1536x1097.jpg 1536w, https:\/\/247auto.vn\/wp-content\/uploads\/2024\/02\/O1CN01fJQK7R1h2LnQFZomk_2214985724219-0-cib-510x364.jpg 510w\" sizes=\"auto, (max-width: 434px) 100vw, 434px\" \/><\/p>\n<\/div>\n<div><span style=\"vertical-align: inherit;\"><span style=\"vertical-align: inherit;\">1. **B\u1ea3o v\u1ec7 T\u1ed1t Nh\u1ea5t Cho N\u1ed9i Th\u1ea5t Xe:** Phim c\u00e1ch nhi\u1ec7t gi\u00fap gi\u1eef nhi\u1ec7t b\u00ean trong xe lu\u00f4n m\u00e1t m\u1ebb h\u01a1n trong nh\u1eefng ng\u00e0y n\u1eafng n\u00f3ng, b\u1ea3o v\u1ec7 n\u1ed9i th\u1ea5t xe kh\u1ecfi phai m\u00e0u v\u00e0 hao m\u00f2n do t\u00e1c \u0111\u1ed9ng c\u1ee7a \u00e1nh n\u1eafng m\u1eb7t tr\u1eddi.<\/span><\/span><\/div>\n<div><\/div>\n<div><span style=\"vertical-align: inherit;\"><span style=\"vertical-align: inherit;\">2. **An To\u00e0n Cho Ng\u01b0\u1eddi L\u00e1i v\u00e0 H\u00e0nh Kh\u00e1ch:** Phim c\u00e1ch nhi\u1ec7t ch\u1ed1ng tia UV gi\u00fap gi\u1ea3m thi\u1ec3u nguy hi\u1ec3m c\u01a1 th\u01b0\u01a1ng da v\u00e0 b\u1ea3o v\u1ec7 s\u1ee9c kh\u1ecfe cho ng\u01b0\u1eddi l\u00e1i v\u00e0 h\u00e0nh kh\u00e1ch trong xe.<\/span><\/span><\/div>\n<div><\/div>\n<div><span style=\"vertical-align: inherit;\"><span style=\"vertical-align: inherit;\">3. **T\u0103ng S\u1ef1 Ri\u00eang T\u01b0:** Phim c\u00e1ch nhi\u1ec7t gi\u00fap ki\u1ec3m tra \u00e1nh s\u00e1ng t\u1eeb b\u00ean ngo\u00e0i v\u00e0o n\u1ed9i th\u1ea5t xe, t\u1ea1o ra s\u1ef1 ri\u00eang t\u01b0 v\u00e0 tho\u1ea3i m\u00e1i cho ng\u01b0\u1eddi l\u00e1i v\u00e0 h\u00e0nh kh\u00e1ch.<\/span><\/span><\/div>\n<div><\/div>\n<div><span style=\"vertical-align: inherit;\"><span style=\"vertical-align: inherit;\">### V\u1ecb Tr\u00ed Ph\u1ee5c V\u1ee5<\/span><\/span><\/div>\n<div><\/div>\n<div><span style=\"vertical-align: inherit;\"><span style=\"vertical-align: inherit;\">Ch\u00fang t\u00f4i c\u00f3 m\u1eb7t t\u1ea1i c\u00e1c khu v\u1ef1c ph\u1ed5 bi\u1ebfn nh\u1ea5t c\u1ee7a TP HCM nh\u01b0:<\/span><\/span><\/div>\n<div><\/div>\n<div><span style=\"vertical-align: inherit;\"><span style=\"vertical-align: inherit;\">&#8211; Qu\u1eadn 1<\/span><\/span><\/div>\n<div><span style=\"vertical-align: inherit;\"><span style=\"vertical-align: inherit;\">&#8211; Qu\u1eadn 2<\/span><\/span><\/div>\n<div><span style=\"vertical-align: inherit;\"><span style=\"vertical-align: inherit;\">&#8211; Qu\u1eadn 7<\/span><\/span><\/div>\n<div><span style=\"vertical-align: inherit;\"><span style=\"vertical-align: inherit;\">&#8211; Th\u1ee7 \u0110\u1ee9c<\/span><\/span><\/div>\n<div><span style=\"vertical-align: inherit;\"><span style=\"vertical-align: inherit;\">&#8211; Qu\u1eadn B\u00ecnh Th\u1ea1nh<\/span><\/span><\/div>\n<div><\/div>\n<div><span style=\"vertical-align: inherit;\"><span style=\"vertical-align: inherit;\">N\u1ebfu b\u1ea1n \u0111ang \u1edf g\u1ea7n nh\u1eefng khu v\u1ef1c n\u00e0y, h\u00e3y \u0111\u1ebfn v\u1edbi ch\u00fang t\u00f4i t\u1ea1i \u0111\u1ecba ch\u1ec9 sau \u0111\u1ec3 tr\u1ea3i nghi\u1ec7m d\u1ecbch v\u1ee5 ch\u1ea5t l\u01b0\u1ee3ng nh\u1ea5t:<\/span><\/span><\/div>\n<div><\/div>\n<div><span style=\"vertical-align: inherit;\"><span style=\"vertical-align: inherit;\">Gara 247auto<\/span><\/span><\/div>\n<div><span style=\"vertical-align: inherit;\"><span style=\"vertical-align: inherit;\">\u0110\u1ecba ch\u1ec9: Th\u1ea1nh M\u1ef9 L\u1ee3i, Qu\u1eadn 2 (c\u0169)<\/span><\/span><\/div>\n<div><span style=\"vertical-align: inherit;\"><span style=\"vertical-align: inherit;\">\u0110\u01b0\u1eddng d\u00e2y n\u00f3ng: 0932573233<\/span><\/span><\/div>\n<div><\/div>\n<div><span style=\"vertical-align: inherit;\"><span style=\"vertical-align: inherit;\">### Ch\u00fang t\u00f4i Ph\u1ee5c v\u1ee5 C\u00e1c D\u00f2ng Xe Ph\u1ed5 Bi\u1ebfn<\/span><\/span><\/div>\n<div><\/div>\n<div><span style=\"vertical-align: inherit;\"><span style=\"vertical-align: inherit;\">Ch\u00fang t\u00f4i chuy\u00ean \u0111\u00fac phim c\u00e1ch nhi\u1ec7t cho m\u1ecdi d\u00f2ng xe, t\u1eeb c\u00e1c d\u00f2ng xe ph\u1ed5 th\u00f4ng \u0111\u1ebfn c\u00e1c d\u00f2ng xe cao c\u1ea5p nh\u01b0:<\/span><\/span><\/div>\n<div><\/div>\n<div><span style=\"vertical-align: inherit;\"><span style=\"vertical-align: inherit;\">&#8211; KIA<\/span><\/span><\/div>\n<div><span style=\"vertical-align: inherit;\"><span style=\"vertical-align: inherit;\">-Toyota<\/span><\/span><\/div>\n<div><span style=\"vertical-align: inherit;\"><span style=\"vertical-align: inherit;\">&#8211; Honda<\/span><\/span><\/div>\n<div><span style=\"vertical-align: inherit;\"><span style=\"vertical-align: inherit;\">&#8211; Ford<\/span><\/span><\/div>\n<div><span style=\"vertical-align: inherit;\"><span style=\"vertical-align: inherit;\">&#8211; XE BMW<\/span><\/span><\/div>\n<div><span style=\"vertical-align: inherit;\"><span style=\"vertical-align: inherit;\">&#8211; Mercedes-Benz<\/span><\/span><\/div>\n<div><span style=\"vertical-align: inherit;\"><span style=\"vertical-align: inherit;\">&#8211; Lexus<\/span><\/span><\/div>\n<div><span style=\"vertical-align: inherit;\"><span style=\"vertical-align: inherit;\">&#8211; Audi<\/span><\/span><\/div>\n<div><\/div>\n<div><span style=\"vertical-align: inherit;\"><span style=\"vertical-align: inherit;\">V\u1edbi kinh nghi\u1ec7m v\u00e0 s\u1ef1 hi\u1ec3u bi\u1ebft s\u00e2u s\u1eafc v\u1ec1 c\u00e1c d\u00f2ng xe kh\u00e1c nhau, ch\u00fang t\u00f4i cam k\u1ebft mang l\u1ea1i cho b\u1ea1n d\u1ecbch v\u1ee5 t\u1ed1t nh\u1ea5t cho chi\u1ebfc xe c\u1ee7a m\u00ecnh.<\/span><\/span><\/div>\n<div><\/div>\n<div><span style=\"vertical-align: inherit;\"><span style=\"vertical-align: inherit;\">### Gi\u00e1 C\u1ea3 H\u1ee3p L\u00fd v\u00e0 L\u1ee3i L\u1ee3i<\/span><\/span><\/div>\n<div><\/div>\n<div><span style=\"vertical-align: inherit;\"><span style=\"vertical-align: inherit;\">T\u1ea1i 247auto.vn, ch\u00fang t\u00f4i cam k\u1ebft cung c\u1ea5p d\u1ecbch v\u1ee5 l\u00e0m phim c\u00e1ch nhi\u1ec7t v\u1edbi gi\u00e1 c\u1ea3 h\u1ee3p l\u00fd v\u00e0 ti\u1ec7n l\u1ee3i nh\u1ea5t. B\u1ea1n s\u1ebd \u0111\u01b0\u1ee3c h\u01b0\u1edfng c\u00e1c \u01b0u \u0111\u00e3i \u0111\u1eb7c bi\u1ec7t v\u00e0 ch\u1ea5t l\u01b0\u1ee3ng d\u1ecbch v\u1ee5 t\u1ed1t nh\u1ea5t m\u00e0 kh\u00f4ng c\u1ea7n ph\u1ea3i ch\u1edd \u0111\u1ee3i l\u00e2u.<\/span><\/span><\/div>\n<div><\/div>\n<div><span style=\"vertical-align: inherit;\"><span style=\"vertical-align: inherit;\">V\u1edbi cam k\u1ebft gi\u00e1 r\u1ebb, h\u1ee3p l\u00fd v\u00e0 d\u1ecbch v\u1ee5 nhanh ch\u00f3ng trong ng\u00e0y, ch\u00fang t\u00f4i hy v\u1ecdng s\u1ebd \u0111\u01b0\u1ee3c ph\u1ee5c v\u1ee5 v\u00e0 mang l\u1ea1i s\u1ef1 h\u00e0i l\u00f2ng tuy\u1ec7t \u0111\u1ed1i cho qu\u00fd kh\u00e1ch h\u00e0ng.<\/span><\/span><\/div>\n<div><\/div>\n<div><span style=\"vertical-align: inherit;\"><span style=\"vertical-align: inherit;\">N\u1ebfu b\u1ea1n quan t\u00e2m v\u00e0 mu\u1ed1n bi\u1ebft th\u00eam th\u00f4ng tin, h\u00e3y li\u00ean h\u1ec7 v\u1edbi ch\u00fang t\u00f4i ngay h\u00f4m nay \u0111\u1ec3 \u0111\u01b0\u1ee3c t\u01b0 v\u1ea5n chi ti\u1ebft v\u00e0 \u0111\u1eb7t l\u1ecbch h\u1eb9n.<\/span><\/span><\/div>\n","protected":false},"excerpt":{"rendered":"<p>**D\u00e1n Phim C\u00e1ch Nhi\u1ec7t Cho Xe \u00d4 T\u00f4: B\u1ea3o V\u1ec7 Xe T\u1ed1t Nh\u1ea5t T\u1ea1i TP HCM** B\u1ea1n \u0111ang t\u00ecm ki\u1ebfm d\u1ecbch v\u1ee5 l\u00e0m phim c\u00e1ch nhi\u1ec7t ch\u1ea5t l\u01b0\u1ee3ng t\u1ea1i TP HCM \u0111\u1ec3 b\u1ea3o v\u1ec7 v\u00e0 l\u00e0m \u0111\u1eb9p cho chi\u1ebfc xe c\u1ee7a m\u00ecnh? \u1ede \u0111\u00e2y, ch\u00fang t\u00f4i t\u1ea1i 247auto.vn, m\u1ed9t trong nh\u1eefng gara uy t\u00edn v\u00e0 [&#8230;]\n","protected":false},"featured_media":0,"comment_status":"open","ping_status":"closed","template":"","meta":[],"product_brand":[],"product_cat":[15],"product_tag":[],"class_list":{"0":"post-275","1":"product","2":"type-product","3":"status-publish","5":"product_cat-uncategorized","7":"first","8":"instock","9":"shipping-taxable","10":"product-type-simple"},"yoast_head":"<!-- This site is optimized with the Yoast SEO plugin v27.4 - https:\/\/yoast.com\/product\/yoast-seo-wordpress\/ -->\n<title>D\u00e1n phim c\u00e1ch nhi\u1ec7t .. - 247Auto Retrofit<\/title>\n<meta name=\"robots\" content=\"index, follow, max-snippet:-1, max-image-preview:large, max-video-preview:-1\" \/>\n<link rel=\"canonical\" href=\"https:\/\/247auto.vn\/?product=dan-phim-cach-nhiet-2\" \/>\n<meta property=\"og:locale\" content=\"vi_VN\" \/>\n<meta property=\"og:type\" content=\"article\" \/>\n<meta property=\"og:title\" content=\"D\u00e1n phim c\u00e1ch nhi\u1ec7t .. - 247Auto Retrofit\" \/>\n<meta property=\"og:description\" content=\"**D\u00e1n Phim C\u00e1ch Nhi\u1ec7t Cho Xe \u00d4 T\u00f4: B\u1ea3o V\u1ec7 Xe T\u1ed1t Nh\u1ea5t T\u1ea1i TP HCM** B\u1ea1n \u0111ang t\u00ecm ki\u1ebfm d\u1ecbch v\u1ee5 l\u00e0m phim c\u00e1ch nhi\u1ec7t ch\u1ea5t l\u01b0\u1ee3ng t\u1ea1i TP HCM \u0111\u1ec3 b\u1ea3o v\u1ec7 v\u00e0 l\u00e0m \u0111\u1eb9p cho chi\u1ebfc xe c\u1ee7a m\u00ecnh? \u1ede \u0111\u00e2y, ch\u00fang t\u00f4i t\u1ea1i 247auto.vn, m\u1ed9t trong nh\u1eefng gara uy t\u00edn v\u00e0 [...]\" \/>\n<meta property=\"og:url\" content=\"https:\/\/247auto.vn\/?product=dan-phim-cach-nhiet-2\" \/>\n<meta property=\"og:site_name\" content=\"247Auto Retrofit\" \/>\n<meta property=\"article:modified_time\" content=\"2025-07-11T10:22:13+00:00\" \/>\n<meta property=\"og:image\" content=\"https:\/\/247auto.vn\/wp-content\/uploads\/2024\/02\/O1CN01fJQK7R1h2LnQFZomk_2214985724219-0-cib.jpg\" \/>\n\t<meta property=\"og:image:width\" content=\"1550\" \/>\n\t<meta property=\"og:image:height\" content=\"1107\" \/>\n\t<meta property=\"og:image:type\" content=\"image\/jpeg\" \/>\n<meta name=\"twitter:card\" content=\"summary_large_image\" \/>\n<meta name=\"twitter:label1\" content=\"\u01af\u1edbc t\u00ednh th\u1eddi gian \u0111\u1ecdc\" \/>\n\t<meta name=\"twitter:data1\" content=\"4 ph\u00fat\" \/>\n<script type=\"application\/ld+json\" class=\"yoast-schema-graph\">{\"@context\":\"https:\\\/\\\/schema.org\",\"@graph\":[{\"@type\":\"WebPage\",\"@id\":\"https:\\\/\\\/247auto.vn\\\/?product=dan-phim-cach-nhiet-2\",\"url\":\"https:\\\/\\\/247auto.vn\\\/?product=dan-phim-cach-nhiet-2\",\"name\":\"D\u00e1n phim c\u00e1ch nhi\u1ec7t .. - 247Auto Retrofit\",\"isPartOf\":{\"@id\":\"https:\\\/\\\/247auto.vn\\\/#website\"},\"primaryImageOfPage\":{\"@id\":\"https:\\\/\\\/247auto.vn\\\/?product=dan-phim-cach-nhiet-2#primaryimage\"},\"image\":{\"@id\":\"https:\\\/\\\/247auto.vn\\\/?product=dan-phim-cach-nhiet-2#primaryimage\"},\"thumbnailUrl\":\"http:\\\/\\\/247auto.vn\\\/wp-content\\\/uploads\\\/2024\\\/02\\\/O1CN01fJQK7R1h2LnQFZomk_2214985724219-0-cib.jpg\",\"datePublished\":\"2024-02-21T05:45:16+00:00\",\"dateModified\":\"2025-07-11T10:22:13+00:00\",\"breadcrumb\":{\"@id\":\"https:\\\/\\\/247auto.vn\\\/?product=dan-phim-cach-nhiet-2#breadcrumb\"},\"inLanguage\":\"vi\",\"potentialAction\":[{\"@type\":\"ReadAction\",\"target\":[\"https:\\\/\\\/247auto.vn\\\/?product=dan-phim-cach-nhiet-2\"]}]},{\"@type\":\"ImageObject\",\"inLanguage\":\"vi\",\"@id\":\"https:\\\/\\\/247auto.vn\\\/?product=dan-phim-cach-nhiet-2#primaryimage\",\"url\":\"https:\\\/\\\/247auto.vn\\\/wp-content\\\/uploads\\\/2024\\\/02\\\/O1CN01fJQK7R1h2LnQFZomk_2214985724219-0-cib.jpg\",\"contentUrl\":\"https:\\\/\\\/247auto.vn\\\/wp-content\\\/uploads\\\/2024\\\/02\\\/O1CN01fJQK7R1h2LnQFZomk_2214985724219-0-cib.jpg\",\"width\":1550,\"height\":1107},{\"@type\":\"BreadcrumbList\",\"@id\":\"https:\\\/\\\/247auto.vn\\\/?product=dan-phim-cach-nhiet-2#breadcrumb\",\"itemListElement\":[{\"@type\":\"ListItem\",\"position\":1,\"name\":\"Trang ch\u1ee7\",\"item\":\"https:\\\/\\\/247auto.vn\\\/\"},{\"@type\":\"ListItem\",\"position\":2,\"name\":\"S\u1ea3n ph\u1ea9m\",\"item\":\"https:\\\/\\\/247auto.vn\\\/?post_type=product\"},{\"@type\":\"ListItem\",\"position\":3,\"name\":\"D\u00e1n phim c\u00e1ch nhi\u1ec7t ..\"}]},{\"@type\":\"WebSite\",\"@id\":\"https:\\\/\\\/247auto.vn\\\/#website\",\"url\":\"https:\\\/\\\/247auto.vn\\\/\",\"name\":\"247Auto Retrofit\",\"description\":\"\",\"potentialAction\":[{\"@type\":\"SearchAction\",\"target\":{\"@type\":\"EntryPoint\",\"urlTemplate\":\"https:\\\/\\\/247auto.vn\\\/?s={search_term_string}\"},\"query-input\":{\"@type\":\"PropertyValueSpecification\",\"valueRequired\":true,\"valueName\":\"search_term_string\"}}],\"inLanguage\":\"vi\"}]}<\/script>\n<!-- \/ Yoast SEO plugin. -->","yoast_head_json":{"title":"D\u00e1n phim c\u00e1ch nhi\u1ec7t .. - 247Auto Retrofit","robots":{"index":"index","follow":"follow","max-snippet":"max-snippet:-1","max-image-preview":"max-image-preview:large","max-video-preview":"max-video-preview:-1"},"canonical":"https:\/\/247auto.vn\/?product=dan-phim-cach-nhiet-2","og_locale":"vi_VN","og_type":"article","og_title":"D\u00e1n phim c\u00e1ch nhi\u1ec7t .. - 247Auto Retrofit","og_description":"**D\u00e1n Phim C\u00e1ch Nhi\u1ec7t Cho Xe \u00d4 T\u00f4: B\u1ea3o V\u1ec7 Xe T\u1ed1t Nh\u1ea5t T\u1ea1i TP HCM** B\u1ea1n \u0111ang t\u00ecm ki\u1ebfm d\u1ecbch v\u1ee5 l\u00e0m phim c\u00e1ch nhi\u1ec7t ch\u1ea5t l\u01b0\u1ee3ng t\u1ea1i TP HCM \u0111\u1ec3 b\u1ea3o v\u1ec7 v\u00e0 l\u00e0m \u0111\u1eb9p cho chi\u1ebfc xe c\u1ee7a m\u00ecnh? \u1ede \u0111\u00e2y, ch\u00fang t\u00f4i t\u1ea1i 247auto.vn, m\u1ed9t trong nh\u1eefng gara uy t\u00edn v\u00e0 [...]","og_url":"https:\/\/247auto.vn\/?product=dan-phim-cach-nhiet-2","og_site_name":"247Auto Retrofit","article_modified_time":"2025-07-11T10:22:13+00:00","og_image":[{"width":1550,"height":1107,"url":"https:\/\/247auto.vn\/wp-content\/uploads\/2024\/02\/O1CN01fJQK7R1h2LnQFZomk_2214985724219-0-cib.jpg","type":"image\/jpeg"}],"twitter_card":"summary_large_image","twitter_misc":{"\u01af\u1edbc t\u00ednh th\u1eddi gian \u0111\u1ecdc":"4 ph\u00fat"},"schema":{"@context":"https:\/\/schema.org","@graph":[{"@type":"WebPage","@id":"https:\/\/247auto.vn\/?product=dan-phim-cach-nhiet-2","url":"https:\/\/247auto.vn\/?product=dan-phim-cach-nhiet-2","name":"D\u00e1n phim c\u00e1ch nhi\u1ec7t .. - 247Auto Retrofit","isPartOf":{"@id":"https:\/\/247auto.vn\/#website"},"primaryImageOfPage":{"@id":"https:\/\/247auto.vn\/?product=dan-phim-cach-nhiet-2#primaryimage"},"image":{"@id":"https:\/\/247auto.vn\/?product=dan-phim-cach-nhiet-2#primaryimage"},"thumbnailUrl":"http:\/\/247auto.vn\/wp-content\/uploads\/2024\/02\/O1CN01fJQK7R1h2LnQFZomk_2214985724219-0-cib.jpg","datePublished":"2024-02-21T05:45:16+00:00","dateModified":"2025-07-11T10:22:13+00:00","breadcrumb":{"@id":"https:\/\/247auto.vn\/?product=dan-phim-cach-nhiet-2#breadcrumb"},"inLanguage":"vi","potentialAction":[{"@type":"ReadAction","target":["https:\/\/247auto.vn\/?product=dan-phim-cach-nhiet-2"]}]},{"@type":"ImageObject","inLanguage":"vi","@id":"https:\/\/247auto.vn\/?product=dan-phim-cach-nhiet-2#primaryimage","url":"https:\/\/247auto.vn\/wp-content\/uploads\/2024\/02\/O1CN01fJQK7R1h2LnQFZomk_2214985724219-0-cib.jpg","contentUrl":"https:\/\/247auto.vn\/wp-content\/uploads\/2024\/02\/O1CN01fJQK7R1h2LnQFZomk_2214985724219-0-cib.jpg","width":1550,"height":1107},{"@type":"BreadcrumbList","@id":"https:\/\/247auto.vn\/?product=dan-phim-cach-nhiet-2#breadcrumb","itemListElement":[{"@type":"ListItem","position":1,"name":"Trang ch\u1ee7","item":"https:\/\/247auto.vn\/"},{"@type":"ListItem","position":2,"name":"S\u1ea3n ph\u1ea9m","item":"https:\/\/247auto.vn\/?post_type=product"},{"@type":"ListItem","position":3,"name":"D\u00e1n phim c\u00e1ch nhi\u1ec7t .."}]},{"@type":"WebSite","@id":"https:\/\/247auto.vn\/#website","url":"https:\/\/247auto.vn\/","name":"247Auto Retrofit","description":"","potentialAction":[{"@type":"SearchAction","target":{"@type":"EntryPoint","urlTemplate":"https:\/\/247auto.vn\/?s={search_term_string}"},"query-input":{"@type":"PropertyValueSpecification","valueRequired":true,"valueName":"search_term_string"}}],"inLanguage":"vi"}]}},"jetpack_sharing_enabled":true,"_links":{"self":[{"href":"https:\/\/247auto.vn\/index.php?rest_route=\/wp\/v2\/product\/275","targetHints":{"allow":["GET"]}}],"collection":[{"href":"https:\/\/247auto.vn\/index.php?rest_route=\/wp\/v2\/product"}],"about":[{"href":"https:\/\/247auto.vn\/index.php?rest_route=\/wp\/v2\/types\/product"}],"replies":[{"embeddable":true,"href":"https:\/\/247auto.vn\/index.php?rest_route=%2Fwp%2Fv2%2Fcomments&post=275"}],"wp:attachment":[{"href":"https:\/\/247auto.vn\/index.php?rest_route=%2Fwp%2Fv2%2Fmedia&parent=275"}],"wp:term":[{"taxonomy":"product_brand","embeddable":true,"href":"https:\/\/247auto.vn\/index.php?rest_route=%2Fwp%2Fv2%2Fproduct_brand&post=275"},{"taxonomy":"product_cat","embeddable":true,"href":"https:\/\/247auto.vn\/index.php?rest_route=%2Fwp%2Fv2%2Fproduct_cat&post=275"},{"taxonomy":"product_tag","embeddable":true,"href":"https:\/\/247auto.vn\/index.php?rest_route=%2Fwp%2Fv2%2Fproduct_tag&post=275"}],"curies":[{"name":"wp","href":"https:\/\/api.w.org\/{rel}","templated":true}]}}